k**3 - 3*k**2 + 2*k - 2. Let x be i(3). Let c = x + -4. Suppose v - 1 + 12 = 3*m, 2*m - v - 6 = c. What is the units digit of m?
5
Let x = -7 - -9. Suppose 0*u = -x*u + 90. What is the tens digit of u?
4
Let l(b) = -b**3 + 4*b**2 + b - 3. Let w be l(4). Suppose 0 = 2*u - 4*d + 20, -4*u - 5*d + 3 - 17 = 0. Let m = w - u. What is the units digit of m?
7
Let c(d) = d**2 - 9*d - 10. Suppose 0 = 3*l - l - 22. What is the units digit of c(l)?
2
Let a(o) = -o**3 - 5*o + 0*o**2 + 2 + 6*o**2 + 0*o. Let t be a(5). Suppose -2*n - 4*r = -r - 25, -4*r + 28 = t*n. What is the units digit of n?
8
Let z(y) = y**2 + y. Let s be z(3). Suppose -j + 28 + s = 0. Suppose -3*a = a - j. What is the tens digit of a?
1
Let x(d) = 2*d**2 - 3. What is the tens digit of x(3)?
1
Let q(c) = -40*c - 1. Let b be q(-2). What is the units digit of (-10)/35 + b/7?
1
Suppose 5*r - 5 = 15. Suppose 5*i + 50 = 5*z, r*i = z + z - 28. What is the units digit of z?
6
Let r(d) = -d**3 + d - 1. Let c(l) = -7*l**3 - 4*l**2 + 12*l - 10. Let y(k) = c(k) - 6*r(k). Let i be y(-5). Let g = -1 - i. What is the units digit of g?
8
Let w be 1/((-12)/(-15) + -1). Let q(g) = -9*g + 2. Let u be q(2). Let d = w - u. What is the tens digit of d?
1
Suppose -8 - 14 = 2*w. Let v = w - -15. What is the units digit of v?
4
Let a = -1 + -20. Let x = 35 + a. What is the units digit of x?
4
Suppose b - 555 = -4*g, -4*g + 9*g = 3*b + 698. What is the hundreds digit of g?
1
Let u(h) = h**3 + 5*h**2 + 3. Suppose b = -g + 3, -5*g + 0 = 2*b - 3. Suppose -4*o = -4*t + 32, -b*o - 29 = -0*o - 3*t. What is the units digit of u(o)?
3
Let q(p) = p**2 - p. Let b = -7 - -11. What is the units digit of q(b)?
2
Let f = 11 - 7. Suppose -5*s - f*p + 27 = -93, 4*p = 5*s - 160. What is the tens digit of s?
2
Suppose 2*d + 17 = h, -4*h = d - 0*h + 13. Suppose 2*q - 7*q - 24 = -4*x, -x = 3*q - 23. Let g = d + x. What is the units digit of g?
2
Let r = 26 + -16. Suppose b = v + v - 2, 5*b + r = 3*v. What is the units digit of (-3)/((-3)/b) + 15?
3
Let m(d) = d**2 - 8*d + 2. Suppose l - 2*b = -2*l + 32, 2*l + b = 12. Let u be m(l). Suppose 2*g = 6*i - u*i - 54, 19 = 4*i + 5*g. What is the tens digit of i?
1
Let t = 12 + -1. Suppose -24 = -s - t. Let u = s - 9. What is the units digit of u?
4
Let s = 21 + -15. What is the tens digit of (-1)/2 - (-147)/s?
2
Suppose -p + 3*k = -13, 4*k + 11 = 4*p - 9. Let v be 1 + -3 + p + 4. Suppose v*q - 3*f = 15, 2*f + 14 = 4*q - 2. What is the units digit of q?
3
Let x = 0 + -11. Let a = 4 - x. What is the tens digit of a?
1
Let m be (-3 + 5)/(6/(-15)). What is the units digit of -4 - m - (1 - 7)?
7
Let q = 29 - 29. Let t(w) = w**3 - w + 1. Let l be t(2). Suppose q*v = v - l. What is the units digit of v?
7
Suppose 0 = 4*u + 5*w + 19, 3*u + 0*u + 3*w = -12. Let h = 9 + u. What is the units digit of h?
8
Suppose 0 = 4*o + 4, -2*o = 3*k - 7*o - 305. What is the tens digit of k?
0
Let f(t) = -5*t + 1. Let h(j) = -j + 1. Let g(a) = -f(a) + 4*h(a). Let p be g(0). Suppose 17 = p*w - 4. What is the units digit of w?
7
What is the hundreds digit of (2 - 4/3)/(2/1191)?
3
Let s be (1 - 5)/(-2) - -3. Let c = 39 + 11. Suppose 0 = s*v - 20 - c. What is the tens digit of v?
1
Suppose 0 = -2*d - 8, -3*q + d = -0*q - 4. Suppose 4*k = k + 12, q = 4*o + 2*k - 156. What is the tens digit of o?
3
Suppose 0*c = 2*c. Let h = -1 - c. What is the units digit of 5/(-1)*1/h?
5
Let h(v) = 22*v - 68. What is the tens digit of h(13)?
1
What is the units digit of 85/34 - 6/(-4)?
4
Let g be 0 + 44 + -1 + 3. Let i = g - 33. What is the units digit of i?
3
Let v = -96 - -135. Suppose m - v = -11. What is the units digit of m?
8
Let f(p) = p**2 - 4*p - 3. Let k be f(6). Let b = k - 5. Suppose -2*c = -0*c - b. What is the units digit of c?
2
Let o(h) = -h**3 + 5*h**2 - 2*h - 4. Let f = 6 + -2. Let g be o(f). Suppose 0 = -g*w + 2*w + 6. What is the units digit of w?
3
Suppose -t = 3*t - 228. Suppose t = 4*l - l. What is the units digit of l?
9
Let t be (-6)/(-1 - -4) + -2. Let p = -2 - t. What is the units digit of p?
2
Let j be (-1)/3 + 11/(-3). Let p be (6/j)/((-6)/(-8)). What is the units digit of p/(-4) - (-4)/8?
1
Let d be ((-3)/6)/((-1)/2). Let j(f) = -7*f**2 - f - 2. Let v(r) = 13*r**2 + 3*r + 5. Let p(h) = -5*j(h) - 2*v(h). What is the units digit of p(d)?
8
Let d(g) = g**3 + 9*g**2 - 11*g + 4. Let q be d(-10). Suppose q = 2*p - 24. What is the units digit of p?
9
Let a be 2/(-5) - 108/(-20). Suppose 52 = -3*j + 5*f + 168, -a*f = 3*j - 166. What is the tens digit of j?
4
Let u be 24/(-16)*(-8)/6. Let i = 0 + u. What is the units digit of i?
2
Let s(y) be the third derivative of y**6/120 - y**5/20 + y**4/24 - y**3/2 - 9*y**2. What is the units digit of s(5)?
2
Let l(a) = a**2 - 5*a + 2. Let f be l(4). Let x = f - -3. What is the units digit of x?
1
Let f = -5 - -34. What is the tens digit of f?
2
Suppose 2*z = 4*t + 28, z = -5*t + 8 - 29. Let w = z - 2. Suppose -w*c = -29 - 1. What is the units digit of c?
5
Let w be 4/14 - (-156)/91. Suppose -w*v + 76 = 2*v. What is the tens digit of v?
1
Let h(q) = 38*q**2 + 9*q + 16. What is the tens digit of h(-2)?
5
Let q(a) = -a**3 - a**2. Let k be q(0). Suppose w = -4*s - 19, w + k*w - 5*s = 26. What is the units digit of w?
1
Suppose 3*g - 8*g + 1184 = -2*z, 2*g = 4*z + 480. What is the units digit of g?
6
Suppose 200 = 4*c - 244. What is the hundreds digit of c?
1
Suppose 0 = -d + 4 + 1. Suppose 2*t + t - 7 = -2*s, 0 = -4*s - d*t + 17. What is the units digit of s?
8
Suppose -7*o + 748 = -4*o - 2*h, -3*o = 4*h - 754. What is the tens digit of o?
5
Let u(s) = -2 + 0*s + 0*s + s. Let l be 1 + (-4)/((-12)/27). What is the units digit of u(l)?
8
Let z be (-15)/9*(3 + 0). Let d = 2 - z. What is the units digit of d?
7
Suppose 0 = 5*i - 15 - 30. Suppose 5*t - i = 1. Suppose -18 - 10 = -t*b. What is the units digit of b?
4
Suppose m - 39 = 1. What is the tens digit of m?
4
Let s be (-4)/(-8) - 165/(-2). Suppose -3*d + 25 = 3*x - 89, -2*d + s = -5*x. What is the tens digit of d?
3
Let d = 1 - 1. What is the tens digit of -6*(d - (4 + 1))?
3
Suppose 5*a = 2*a + 21. What is the units digit of a?
7
Let t = 252 - 180. What is the tens digit of t?
7
Let b(i) = -i + 15. Let k be b(12). Suppose 27 = c - 2*a - 33, k*c + 2*a = 172. What is the units digit of c?
8
Let s(d) = 3*d**2 + d - 11. What is the units digit of s(4)?
1
Let q(g) = -g**3 + 5*g**2 - 2*g - 6. Let o be q(6). Let r = 78 + o. Suppose u + 3*u - r = 0. What is the units digit of u?
6
Let d(w) = w**2 + 4*w - 7. Let m = -7 - -11. Suppose -m*l = -0*l + 24. What is the units digit of d(l)?
5
Suppose 0 = -b - 5*s + 51 + 8, -2*s + 6 = 0. What is the units digit of b?
4
Let g = -51 - -86. What is the tens digit of g?
3
Let c(r) = -r - 3. Suppose -2*z + 6 = -5*k, 4*k - 2*k + 9 = 3*z. Suppose z*o + x = -29, -2*x = 2*x + 20. What is the units digit of c(o)?
5
Let t(f) = -f**3 + 6*f**2 + 8*f - 5. Let s be t(7). Let m(y) = -3*y**3 - 6 - 9*y**s - 9*y + 3 + 2*y**3. What is the units digit of m(-8)?
5
Suppose -3*r = 3*x + 3, x = -0*r - 5*r - 5. Suppose -2*m = -4*o - x*o + 42, -2*m + 42 = 3*o. What is the units digit of o?
2
Let j(z) = -2*z**3 - 2*z**2 - 2. Let k be 2 + -2 - (3 + -1). What is the units digit of j(k)?
6
Let p(z) = z + 0 + 0 - 3 + 7. Let y be p(-4). Suppose -2*n + 0*n = -l + 17, y = 3*l + 3*n - 33. What is the tens digit of l?
1
Suppose 0 = u + 2*k - 15, 0*k = -3*u + 5*k + 78. What is the units digit of u?
1
Let g(k) be the third derivative of -k**7/1260 - k**6/360 - k**5/60 - 2*k**2. Let m(t) be the third derivative of g(t). What is the units digit of m(-2)?
6
Suppose -5*s - 3*u = -0*u + 12, 0 = s + u + 2. Let h(z) = z**3 + 5*z**2 - 4. What is the tens digit of h(s)?
1
Suppose 0 = -5*r - 3*u + 203 + 339, 4*r = 3*u + 412. What is the tens digit of r?
0
What is the units digit of (-6 - -115) + (2 - -1)?
2
Let g(r) = -r + 7. What is the units digit of g(-6)?
3
Suppose 5*a + 14 = -21. Let c = a - -10. What is the units digit of c?
3
Suppose z + 228 = 4*z. What is the tens digit of z?
7
Let r = 69 - -16. What is the tens digit of r?
8
Let c = -33 + 51. What is the units digit of c?
8
Let v = 103 + -1. What is the tens digit of v?
0
Let y be (-1042)/(-12) - 6/(-36). Suppose -4*i = -y - 9. What is the tens digit of i?
2
Suppose -1 = 3*k -